*o - 5. Determine q(7).
-26
Let b(d) = -2*d + 20. What is b(0)?
20
Let n(v) = -8*v**2 - 3. What is n(2)?
-35
Let d(c) = 3*c**2 - 3*c - 5. Determine d(6).
85
Let m(u) = 37*u**2 - 3*u - 3. Determine m(-1).
37
Let i(t) = -t**2 + 8*t - 8. Give i(3).
7
Let i(t) = -t**3 + 10*t**2 - 19*t + 25. What is i(8)?
1
Let i(m) = 11*m**2 - 55*m - 7. Determine i(5).
-7
Let p(q) = q**3 + 9*q**2 + 6*q + 3. What is p(-8)?
19
Let i(f) = 2*f + 6. What is i(11)?
28
Let u(r) = -r - 11. What is u(-11)?
0
Let a(z) = 6*z + 2. Determine a(-3).
-16
Let y(b) = -16*b - 10. What is y(-4)?
54
Let g(b) = 15*b**2 - b - 1. Calculate g(-1).
15
Let z(g) = 2*g**3 + 4*g**2 + 6*g + 6. Give z(-2).
-6
Let r(j) = j**2 - 22*j - 10. Calculate r(23).
13
Let v(c) = c**2 + 11*c + 10. What is v(-7)?
-18
Let p(o) = -o**3 + 11*o**2 + 2. Calculate p(11).
2
Let y(v) = -v**3 + 5*v**2 + 5*v + 10. Give y(8).
-142
Let m(y) = -2*y**2 - 25*y + 17. Give m(-13).
4
Let a(i) = 33*i - 5. Give a(1).
28
Let p(z) = -z**2 + 2*z + 4. Give p(0).
4
Let u(d) = -d**2 - 3*d + 8. Calculate u(-6).
-10
Let b(x) = 11*x + 1. Give b(-2).
-21
Let u(g) = -g**3 + 6*g**2 - 6*g + 1. Determine u(5).
-4
Let w(m) = m + 8. What is w(-5)?
3
Let m(a) = -a**3 + 5*a**2 + a + 1. Determine m(6).
-29
Let i(u) = -u**2 - 3*u + 1. Determine i(-5).
-9
Let g(y) = y**3 + 8*y**2 + 4*y - 24. Calculate g(-7).
-3
Let u(b) = -b**3 - 6*b**2 - 6*b - 7. Give u(-5).
-2
Let o(d) = -d**3 - 38*d**2 + 123*d - 5. What is o(-41)?
-5
Let k(i) = 21*i - 2. Calculate k(1).
19
Let o(m) = -m**2 + 6*m - 7. Determine o(15).
-142
Let j(n) = n**3 - 12*n**2 + 9*n - 21. What is j(11)?
-43
Let a(h) = -8*h + 69. Calculate a(10).
-11
Let u(h) = -h**3 - 10*h**2 - 8*h - 15. Calculate u(-9).
-24
Let p(d) = 3*d**2 + 2*d - 8. Determine p(-7).
125
Let f(t) = -3*t + 2. Give f(-7).
23
Let i(q) = -q**2 + q + 7. What is i(3)?
1
Let q(g) = g**3 + 7*g**2 - g - 4. Give q(-8).
-60
Let u(a) = -a**3 + 8*a**2 - 6*a + 24. Give u(7).
31
Let c(d) = d + 21. Calculate c(-9).
12
Let q(s) = s**3 - 6*s**2 + 2*s - 9. Determine q(6).
3
Let u(l) = l**3 - 24*l**2 + 6*l - 132. Give u(24).
12
Let v(m) = -m**3 - 49*m**2 - 51*m - 146. What is v(-48)?
-2
Let y(a) = -a**3 + 32*a**2 - 35*a + 57. What is y(31)?
-67
Let k(z) = z**3 + 2*z**2 - 2*z. Give k(2).
12
Let s(h) = h**3 + 10*h**2 + 11*h - 18. Give s(-8).
22
Let y(h) = -4*h**2 + 2*h + 10. Calculate y(-2).
-10
Let c(g) = -g**3 - 12*g**2 - 5*g - 4. Calculate c(-12).
56
Let v(t) = -t**2 - 9*t - 18. Determine v(-4).
2
Let k(n) = n**3 - 18*n**2 + 3*n + 4. Calculate k(18).
58
Let r(n) = n**3 + n**2 - 7*n + 8. What is r(-4)?
-12
Let u(a) = a**2 - 55*a - 236. Determine u(-4).
0
Let c(f) = -34*f**3 - f**2 + f + 3. Give c(-1).
35
Let s(x) = x**3 - 24*x**2 + 23*x + 8. Determine s(23).
8
Let r(s) = -2*s - 15. Calculate r(-7).
-1
Let p(l) = -l**2 + 7*l. What is p(8)?
-8
Let k(w) = -4*w**3 - w**2 + w - 6. Determine k(0).
-6
Let x(b) = -b**2 - 3*b - 6. Determine x(-5).
-16
Let r(t) = -t**2 - 3*t + 10. Calculate r(3).
-8
Let f(o) = -o**3 - 2*o**2 + 24*o + 7. Give f(-6).
7
Let y(f) = -f**3 + 12*f**2 - 18*f + 5. Give y(7).
124
Let u(v) = 2*v**2 - 52*v - 4. Determine u(25).
-54
Let o(v) = -18*v**3 - v**2 - v + 1. What is o(1)?
-19
Let d(f) = -f**3 + 3*f**2 - 2*f + 3. Calculate d(2).
3
Let q(z) = z**3 + 1. Calculate q(-2).
-7
Let l(o) = -o**3 - 30*o**2 + o + 25. Give l(-30).
-5
Let w(c) = -6*c**3 - 3*c**2 + 2*c - 1. Give w(-3).
128
Let i(x) = x**2 + 23*x - 17. Determine i(-23).
-17
Let y(h) = h - 2. What is y(8)?
6
Let t(k) = -6*k + 1. Determine t(-2).
13
Let x(y) = -15*y + 42. What is x(3)?
-3
Let v(p) = p**3 + 16*p**2 + 21*p + 16. Calculate v(-14).
114
Let d(m) = m - 2. Calculate d(2).
0
Let i(a) = a**3 - 6*a**2 + 3*a - 3. Give i(5).
-13
Let c(v) = -2*v**3 + 3*v**2 + v - 5. What is c(3)?
-29
Let z(v) = 3*v**2 - 33*v + 5. What is z(11)?
5
Let q(z) = -11*z**2 - 2*z. Calculate q(-2).
-40
Let j(z) = -z + 3. Calculate j(1).
2
Let i(p) = p**3 + 24*p**2 + 23*p - 15. What is i(-23)?
-15
Let u(d) = -144*d - 433. Determine u(-3).
-1
Let o(u) = -u**3 - 9*u**2 - 5*u. Determine o(-6).
-78
Let l(j) = j**3 - 7*j**2 - 26*j + 62. Determine l(9).
-10
Let q(g) = -3*g**2 + 2*g + 1. Give q(4).
-39
Let s(m) = 313*m + 2510. Calculate s(-8).
6
Let v(k) = -k**2 - 7*k - 12. What is v(-6)?
-6
Let q(c) = c**3 + 9*c**2 - c + 1. What is q(-9)?
10
Let x(q) = -q**2 - 13*q + 17. Give x(-12).
29
Let p(r) = -15*r - 177. Determine p(-11).
-12
Let b(v) = -v + 10. Determine b(-19).
29
Let d(j) = 3*j - 196. Calculate d(63).
-7
Let q(w) = 73*w - 6. What is q(0)?
-6
Let x(b) = b**3 + 5*b**2 - 5*b + 6. What is x(-6)?
0
Let b(k) = -k**3 - 36*k**2 + 37*k - 50. Determine b(-37).
-50
Let w(s) = -2*s**2 + 25*s - 17. Determine w(12).
-5
Let g(j) = 2*j**2 - 13*j + 24. Calculate g(2).
6
Let h(k) = k + 7. What is h(-7)?
0
Let o(y) = -y - 22. Calculate o(-6).
-16
Let n(s) = 2*s + 15. What is n(-7)?
1
Let q(k) = -k**3 + 14*k**2 - 5*k + 60. What is q(14)?
-10
Let m(c) = c**3 + 13*c**2 - 13*c + 24. Calculate m(-14).
10
Let h(z) = 15*z + 8. Determine h(-1).
-7
Let a(d) = 3*d**3 - 3*d**2 - 4*d + 4. Calculate a(3).
46
Let z(b) = -5*b + 18. Calculate z(8).
-22
Let v(w) = 8*w + 89. Give v(-10).
9
Let f(d) = -3*d - 29. Determine f(-8).
-5
Let o(u) = -2*u + 12. Determine o(4).
4
Let d(x) = x**2 + 5*x - 20. Determine d(3).
4
Let x(h) = 11*h - 220. Calculate x(21).
11
Let x(k) = -k**2 + 13*k + 2. Determine x(11).
24
Let d(w) = -2*w**2 - 27*w - 78. Determine d(-9).
3
Let a(t) = -t**2 + 2*t. Give a(2).
0
Let o(h) = -h**2 + 3*h + 7. Determine o(6).
-11
Let x(l) = -3*l**2 + 4*l + 6. Calculate x(3).
-9
Let w(n) = n**3 - 8*n**2 + 5*n + 11. What is w(7)?
-3
Let h(n) = -14*n + 25. What is h(3)?
-17
Let g(n) = -2*n**3 - 11*n**2 - 2*n - 6. Calculate g(-5).
-21
Let z(h) = h**3 - 5*h**2 + 3*h + 5. Determine z(4).
1
Let r(a) = 13*a - 6. Give r(3).
33
Let n(c) = 2*c**2 + 6*c + 7. What is n(-1)?
3
Let w(i) = 9*i**2 + 2*i + 2. Give w(-2).
34
Let s(u) = u**3 - 7*u**2 + 6*u - 7. Give s(6).
-7
Let s(f) = 2*f - 8. What is s(0)?
-8
Let a(s) = -s - 13. Give a(0).
-13
Let o(a) = a**2 + 6*a - 9. Give o(-7).
-2
Let g(v) = v**3 - 8*v**2 - 17*v. Calculate g(-2).
-6
Let q(t) = 5*t**2 + t + 4. Determine q(4).
88
Let h(i) = i**2 - 4*i - 62. What is h(-7)?
15
Let b(t) = -2*t**2 + 23*t - 63. Determine b(6).
3
Let l(r) = -r - 8. Give l(-7).
-1
Let f(i) = i**3 + 10*i**2 - 3*i + 13. Give f(-10).
43
Let t(h) = -h**3 + 16*h**2 - 27*h - 24. Calculate t(14).
-10
Let q(a) = a**3 + 4*a**2 - 7*a. Give q(-6).
-30
Let d(b) = -22*b - 164. Calculate d(-7).
-10
Let w(d) = d**2 - 5*d + 5. Calculate w(4).
1
Let q(v) = -v**2 + 5*v + 8. Calculate q(7).
-6
Let m(x) = -6*x**2 - 51*x + 21. Determine m(-9).
-6
Let g(d) = d**3 - 38*d**2 - 81*d + 36. Determine g(40).
-4
Let p(x) = x**2 - 8*x - 64. Determine p(-5).
1
Let v(h) = -h**2 - 4*h + 1. Determine v(-6).
-11
Let i(z) = z**3 + 17*z**2 - 20*z - 64. Give i(-18).
-28
Let t(z) = -z**3 - 8*z**2 - 7*z + 8. Determine t(-7).
8
Let o(z) = 2*z - 6. Calculate o(-10).
-26
Let n(v) = v**3 - 10*v**2 - 5. What is n(10)?
-5
Let r(h) = -h**3 - 2*h**2 - 4*h - 3. Determine r(-3).
18
Let z(a) = -2*a**2 - 18. Calculate z(4).
-50
Let r(c) = -34*c**3 - 2*c**2 - 4*c - 2. Calculate r(-1).
34
Let z(v) = -v**2 + 28*v - 134. Determine z(22).
-2
Let o(q) = 15*q**3 + 3*q**2 - 2. Determine o(-1).
-14
Let u(b) = -b**2 + 5*b - 4. Give u(4).
0
Let n(s) = -s**3 + 6*s**2 + 19*s - 3. Give n(8).
21
Let r(l) = -l**2 - 19*l - 70. Give r(-13).
8
Let z(o) = o**3 - 5*o**2 + 5*o - 2. Calculate z(3).
-5
Let h(r) = r - 34. What is h(13)?
-21
Let z(u) = -u**3 + 7*u**2 + 8*u - 7. Give z(3).
53
Let u(h) = h**2 + 148*h + 847. Determine u(-6).
-5
Let o(w) = -w**3 - 8*w**2 - 6*w + 14. Calculate o(-6).
-22
Let s(x) = x**3 + 2*x**2 - 5*x + 5. Calculate s(-4).
-7
Let f(t) = -2*t + 14. Calculate f(4).
6
Let l(j) = -j**3 + 17*j**2 - 2*j + 17. Calculate l(17).
-17
Let y(t) = 2*t + 25. What is y(-6)?
13
Let j(u) = u**3 + 11*u**2 + 7*u - 35. Give j(-10).
-5
Let c(r) = r - 14. Determine c(-7).
-21
Let o(x) = x + 20. Determine o(-4).
16
Let t(c) = -26*c - 255. What is t(-10)?
5
Let q(u) = -u + 6. Calculate q(9).
-3
Let f(g) = g**2 - 5*g + 4. What is f(5)?
4
Let i(x) = x**2 + 2*x - 12. Determine i(-6).
12
Let p(o) = -5*o - 125. Calculate p(-23).
-10
Let j(h) = -2*h**3 + 9*h**2 - 9*h + 7. Give j